-i*w + 6. Calculate the greatest common factor of w and 6.
6
Suppose 3*m = 4*m + 4. Let i be (2/m)/(10/(-160)). Calculate the greatest common factor of i and 8.
8
Suppose 6*y - 2*y - 468 = 0. Suppose 5*r = -2*c + 11, 5*c + 7*r = 2*r + 50. What is the highest common divisor of c and y?
13
Let w = 7 + -6. Let t be (-110)/(-3)*3*w. What is the highest common factor of 10 and t?
10
Suppose w + 16 = 5*w. Suppose 2*f + 5*j = 65, -j = w*f + 4*j - 135. Suppose -r - f = -6*r. Calculate the highest common divisor of r and 1.
1
Suppose 0 = 5*c - 0*c + 2*a - 939, 5*c - 930 = -5*a. Suppose -5*p - 9 = -114. Calculate the greatest common factor of c and p.
21
Let v = -8 + 12. Suppose 6 + v = 2*p. Calculate the greatest common divisor of 20 and p.
5
Suppose -2*c = -143 - 33. Calculate the highest common factor of 66 and c.
22
Suppose -p + 4*f - 2 = -4*p, 2*p = -2*f. Let x be -1*(-1 - (-38)/p). What is the highest common divisor of 50 and x?
10
Let x(y) = -23*y**3 - 4*y**2 + 4*y + 10. Let l be x(-3). What is the highest common divisor of l and 53?
53
Let l(g) = -4*g**3 + g - 1. Let c(s) = -s**2 + 3*s + 1. Let q be c(3). Let j be l(q). Let f be j/(-22) + 216/22. What is the highest common factor of f and 10?
10
Let y(d) = d**2 + d + 6. Let v be y(0). Suppose 0 = j - 5*p + 4, 3*p - 6 = -j - 2*j. Calculate the greatest common divisor of j and v.
1
Let k(t) = 8*t - 4. Let z be k(2). Calculate the greatest common factor of z and 96.
12
Let z = -82 + 124. What is the greatest common factor of z and 28?
14
Let b = 11 - 8. Calculate the greatest common divisor of 6 and b.
3
Let z = -30 + 18. Let m = z - -20. Suppose 0 = d - a - 4 + 1, 5*a - 57 = -4*d. What is the highest common divisor of d and m?
8
Suppose 2*k + 2*k = 12. Let x be (-5)/(45/24)*k. Let i be 52/5 + x/20. Calculate the highest common factor of i and 10.
10
Suppose 7 = 3*o + 1, 3*s + 2*o = -17. Let w = -2 - s. Let k be ((-30)/(-24))/((-1)/(-20)). Calculate the highest common factor of w and k.
5
Let t(z) be the third derivative of -z**5/60 - 17*z**4/24 - 2*z**2. Let o be t(-8). What is the highest common factor of 9 and o?
9
Suppose 4*h + 5*q - 44 = 52, 3*h + 4*q = 73. Suppose -3*j + 11 = -u, -j + h = -5*u + 2*j. Let p = 13 + u. What is the highest common factor of p and 44?
11
Let l = -3 + 2. Let x = 3 - l. Let t be (-6)/(-10) + x/10. What is the greatest common divisor of t and 1?
1
Suppose -5*q = 3*f - 437, 0 = 2*q + 2*f + f - 182. What is the greatest common factor of 34 and q?
17
Let n = -13 - -23. Suppose -5*o + 10 = 0, -36 = -3*a - 0*a - 3*o. What is the greatest common factor of n and a?
10
Suppose 0*j + 4*j = 12. What is the highest common factor of 24 and j?
3
Suppose 3*h - 3*b = -39, 0 = 4*h + 3*b + b + 52. Let p = 22 + h. Calculate the highest common divisor of p and 81.
9
Suppose -4*f + 1 + 43 = 3*o, 55 = 5*f + o. Calculate the greatest common divisor of f and 55.
11
Let z be ((-5)/(-10))/(2/12). Suppose 3*x - z*d = 6, 5*d - 3 = x - 1. Let o be 4/(-1)*6/(-8). Calculate the highest common divisor of o and x.
3
Let c be 6/21 + 792/21. What is the greatest common factor of 19 and c?
19
Suppose 2*x + 5*p - 217 = 0, -p - 4*p + 313 = 3*x. Calculate the greatest common factor of 12 and x.
12
Suppose 0 = f + 6. Let u(z) = z**3 + 7*z**2 + 2*z - 6. Let n be u(f). Let h = -8 + n. What is the greatest common divisor of h and 20?
10
Let x be (66/4 - -1) + (-10)/20. What is the highest common factor of 187 and x?
17
Let c(p) = 10*p**2 + 8*p - 3. Let h be c(7). Suppose h = 5*u - 117. Suppose x = 10 + 2. What is the highest common divisor of x and u?
12
Let z be (-7)/(-3)*(-1 + 4)*1. Calculate the greatest common factor of 49 and z.
7
Suppose -5*d + 32 + 28 = -5*l, -5*d + 76 = -l. Calculate the highest common divisor of d and 176.
16
Let x = 2 - -5. Let q(i) be the first derivative of 4*i**2 - 2*i - 1. Let n be q(x). Calculate the greatest common factor of 6 and n.
6
Suppose -4*m - 8 = 2*k - 36, -12 = -2*m - 2*k. Let j be (m/5)/(2/5). Suppose -5 - 3 = -j*f. What is the greatest common factor of f and 22?
2
Let x be (55/(-3))/((-4)/12). Let d be 1 + (-2)/(6/(-9)). Suppose -j - d - 18 = -2*a, 2*j - 55 = -5*a. Calculate the highest common factor of x and a.
11
Suppose -9*v + 7*v = -6. Calculate the greatest common factor of 57 and v.
3
Let x be (-2 - 1)*-2 - 0. Let n be x/15 - 478/(-5). Calculate the greatest common factor of 24 and n.
24
Let j(t) = t + 19. Let w be j(0). Let z(u) = 3*u**2 - u + 152. Let k be z(0). Calculate the greatest common factor of w and k.
19
Let t(c) = c**3 + 7*c**2 - 8*c. Let u be t(-8). Suppose u = -4*l + 20 - 8. What is the highest common factor of 9 and l?
3
Suppose 46 = 4*x + c - 54, -32 = -x - 2*c. Calculate the highest common factor of x and 16.
8
Suppose -2 + 178 = 2*y. Calculate the highest common factor of 11 and y.
11
Let i = 20 - 41. Let s = 19 - i. What is the greatest common divisor of s and 5?
5
Suppose 5*b - 57 = -4*w - 9, 20 = 5*b. Let g(r) = 3*r**3 - 4*r**2 + 4*r - 1. Let c be g(3). Calculate the greatest common divisor of w and c.
7
Suppose -c - 5*f = 6, 4*c + 2*f + f = 27. Calculate the greatest common factor of 36 and c.
9
Let c(u) = 12*u + 1. Let v be c(2). Suppose t + 4*t = v. What is the highest common factor of 20 and t?
5
Let i = -208 - -293. Let j = 521 + -351. Suppose -h = -6*h + j. Calculate the highest common factor of h and i.
17
Suppose p + 3 = 6. Suppose -i + 68 = -6*o + o, p*i = 5*o + 244. Calculate the highest common divisor of i and 8.
8
Suppose 4*v = 18 + 6. Calculate the highest common divisor of 6 and v.
6
Let i be (-2)/((8/(-26))/2). Let a = 51 - 25. What is the greatest common divisor of a and i?
13
Let h(i) = 2 - 3*i**2 + 14*i - 4 + 0*i**2 - 5. Let w be h(12). Let n = w + 406. What is the greatest common factor of 15 and n?
15
Let p(b) = b**2 + 5. Let l be p(2). What is the highest common divisor of 6 and l?
3
Let m = 49 + -11. Let x be m/((-2)/(-1)) - -1. What is the highest common divisor of x and 10?
10
Suppose -w - 4 = 0, v = -0*v - 3*w + 29. Let q = v + -26. Let d = 25 - q. Calculate the highest common factor of 5 and d.
5
Let w = 20 + -12. Let y = -7 + w. Calculate the highest common factor of 3 and y.
1
Let u(l) = 22*l + 4. Let o be u(4). Suppose -3*k - o = -7*k. Let d = -78 - -193. Calculate the greatest common factor of d and k.
23
Suppose d + 4*d - 160 = 0. Calculate the greatest common factor of 4 and d.
4
Let c = -6 + 8. Suppose -c*a = -a - 8. Calculate the highest common divisor of a and 64.
8
Suppose -v - 4 = -3*w, -3*w + 2*v = -2*v + 11. Suppose 2*i - 7*f + 4 = -2*f, 3*i - 15 = -w*f. What is the greatest common divisor of 33 and i?
3
Suppose 2*d + 0 = 16. Suppose -r - 2*r + b = 13, 0 = r + 3*b + 21. Let m be -12*3/3*r. Calculate the greatest common factor of m and d.
8
Let a(m) = -3*m + 37. Let u be a(10). Let p(i) = i**2 + 5*i + 7. Let l be p(-5). Calculate the greatest common factor of l and u.
7
Suppose 0 = -2*d - 6 + 4. Let u = d + -1. Let f(k) = -7*k**3 + k**2 + 2*k. Let m be f(u). What is the greatest common divisor of m and 7?
7
Suppose 0 = 4*p - 3 - 21. Let a(j) = 17*j - 3. Let z(m) = 18*m - 2. Let l(n) = 5*a(n) - 6*z(n). Let o be l(-3). What is the greatest common factor of p and o?
6
Suppose 2 + 145 = 3*k. Calculate the highest common divisor of k and 7.
7
Let s(p) = -p - 6. Let r be s(-10). Suppose 0 = r*b - 37 - 107. What is the greatest common divisor of b and 4?
4
Let x be 3 - (14 - 3)*-1. Let f(p) = -8*p + 5. Let b be f(4). Let t be -1 - (-2)/1 - b. What is the greatest common factor of t and x?
14
Let f be 2*(258/4 + 1). Suppose -2*b = c - f, 2*b + 2*c + 3*c = 127. What is the highest common divisor of 6 and b?
6
Let g be (-88)/12*(-90)/4. Suppose -h = -4*h + g. Calculate the greatest common divisor of h and 5.
5
Let t = -21 + 39. Suppose -4*f = -s + t, 0*s + s = -2*f + 6. Suppose 0 - s = -2*z. What is the greatest common divisor of 1 and z?
1
Let x = 14 - 8. Suppose -f + x = f. Let m be (-2)/(-12) + 625/30. Calculate the greatest common factor of m and f.
3
Suppose 0 = 6*d + 2 - 62. Calculate the greatest common factor of 30 and d.
10
Suppose -2*g + w + 20 = 0, g - 2*g + 5*w + 10 = 0. What is the highest common divisor of g and 10?
10
Let a(f) = 15*f - 4. Let h be a(4). Let w = 52 - 73. Let j = h + w. What is